{"id":20,"date":"2023-07-29T11:57:15","date_gmt":"2023-07-29T09:57:15","guid":{"rendered":"http:\/\/laser.room-made.de\/hannover\/?page_id=20"},"modified":"2025-05-28T17:59:32","modified_gmt":"2025-05-28T15:59:32","slug":"aktionen","status":"publish","type":"page","link":"https:\/\/lasertag-city.de\/hannover\/aktionen\/","title":{"rendered":"Aktionen"},"content":{"rendered":"<section class=\"l-section wpb_row height_small\"><div class=\"l-section-overlay\" style=\"background:var(--color-content-secondary-grad)\"><\/div><div class=\"l-section-h i-cf\"><div class=\"g-cols vc_row via_grid cols_1 laptops-cols_inherit tablets-cols_inherit mobiles-cols_1 valign_top type_default stacking_default\"><div class=\"wpb_column vc_column_container\"><div class=\"vc_column-inner\"><div class=\"wpb_text_column\"><div class=\"wpb_wrapper\"><h1 class=\"aux-modern-heading-primary\" style=\"text-align: center\">Aktuelle Aktionen<\/h1>\n<\/div><\/div><div class=\"wpb_text_column\"><div class=\"wpb_wrapper\"><p style=\"text-align: center\">Auf der Seite siehst du unsere aktuellen Aktionen.<\/p>\n<\/div><\/div><\/div><\/div><\/div><\/div><\/section><section class=\"l-section wpb_row height_small\"><div class=\"l-section-h i-cf\"><div class=\"g-cols vc_row via_grid cols_1 laptops-cols_inherit tablets-cols_inherit mobiles-cols_1 valign_top type_default stacking_default\"><div class=\"wpb_column vc_column_container us_custom_9cf479d2\"><div class=\"vc_column-inner\"><div class=\"wpb_text_column us_custom_6894b250\"><div class=\"wpb_wrapper\"><h3 style=\"text-align: center\">Studenten-\/Azubi- Tarif<\/h3>\n<p style=\"text-align: center\"><strong>Mo-Fr 10-22Uhr\/Sa-So 17-22Uhr<\/strong><br \/>\n<strong>1 h<\/strong><br \/>\n<strong> 3 Spiele + 1 Getr\u00e4nke\u00a0<\/strong><\/p>\n<h4 style=\"text-align: center\">f\u00fcr nur\u00a0 10 \u20ac \/ Student*in<\/h4>\n<p style=\"text-align: center\">Studiausweis nicht vergessen!<\/p>\n<\/div><\/div><\/div><\/div><\/div><\/div><\/section><section class=\"l-section wpb_row height_small\"><div class=\"l-section-h i-cf\"><div class=\"g-cols vc_row via_grid cols_1 laptops-cols_inherit tablets-cols_inherit mobiles-cols_1 valign_top type_default stacking_default\"><div class=\"wpb_column vc_column_container us_custom_9cf479d2\"><div class=\"vc_column-inner\"><div class=\"wpb_text_column us_custom_3739105f\"><div class=\"wpb_wrapper\"><h3 style=\"text-align: center\">Afterwork Sport mit Spa\u00df<\/h3>\n<p class=\"p1\" style=\"text-align: center\"><strong>Dienstags 18-22Uhr<\/strong><br \/>\n<strong>2h mit mindestens 6 Spiele <\/strong><\/p>\n<h4 class=\"p1\" style=\"text-align: center\">20 \u20ac \/ Person<\/h4>\n<\/div><\/div><\/div><\/div><\/div><\/div><\/section><section class=\"l-section wpb_row height_auto\"><div class=\"l-section-h i-cf\"><div class=\"g-cols vc_row via_grid cols_1 laptops-cols_inherit tablets-cols_inherit mobiles-cols_1 valign_top type_default stacking_default\"><div class=\"wpb_column vc_column_container us_custom_9cf479d2\"><div class=\"vc_column-inner\"><div class=\"wpb_text_column us_custom_6894b250\"><div class=\"wpb_wrapper\"><h3 style=\"text-align: center\">NEUES SPECIAL F\u00dcR SCH\u00dcLER*INNEN<\/h3>\n<h3 style=\"text-align: center\">AFTER SCHOOL FLAT<\/h3>\n<p style=\"text-align: center\"><strong>MO-DO 14-18 Uhr 2 Stunden Flat f\u00fcr nur 12\u20ac p.P.<\/strong><br \/>\n<strong>*nur an Schultagen und f\u00fcr selbstzahlende Sch\u00fcler*innen, nicht f\u00fcr Kindergeburtstage<\/strong><\/p>\n<h4 style=\"text-align: center\"><\/h4>\n<\/div><\/div><\/div><\/div><\/div><\/div><\/section><section class=\"l-section wpb_row height_small\"><div class=\"l-section-h i-cf\"><div class=\"g-cols vc_row via_grid cols_1 laptops-cols_inherit tablets-cols_inherit mobiles-cols_1 valign_top type_default stacking_default\"><div class=\"wpb_column vc_column_container us_custom_9cf479d2\"><div class=\"vc_column-inner\"><div class=\"wpb_text_column us_custom_3739105f\"><div class=\"wpb_wrapper\"><h3 style=\"text-align: center\">Sommerferien-Flat<br \/>\n25\u20ac\/Person<\/h3>\n<h3 style=\"text-align: center\">3h = 9Spiele garantiert<\/h3>\n<p class=\"p1\" style=\"text-align: center\"><strong>Aktion 03.07. bis zum 13.08.25<\/strong><\/p>\n<p style=\"text-align: center\">\u00a0Mo.-Fr. 10-16Uhr<\/p>\n<p style=\"text-align: center\">ab 4 Personen nur per Email unter Angaben einer vollen Anschrift und Handynr. buchbar!<\/p>\n<\/div><\/div><\/div><\/div><\/div><\/div><\/section><section class=\"l-section wpb_row height_auto\"><div class=\"l-section-h i-cf\"><div class=\"g-cols vc_row via_grid cols_1 laptops-cols_inherit tablets-cols_inherit mobiles-cols_1 valign_top type_default stacking_default\"><div class=\"wpb_column vc_column_container\"><div class=\"vc_column-inner\"><div class=\"w-separator size_small with_line width_50 thick_2 style_solid color_border align_center\"><div class=\"w-separator-h\"><\/div><\/div><\/div><\/div><\/div><\/div><\/section><section class=\"l-section wpb_row height_small\" id=\"buchen\"><div class=\"l-section-overlay\" style=\"background:var(--color-content-secondary-grad)\"><\/div><div class=\"l-section-h i-cf\"><div class=\"g-cols vc_row via_grid cols_1 laptops-cols_inherit tablets-cols_inherit mobiles-cols_1 valign_top type_default stacking_default\"><div class=\"wpb_column vc_column_container\"><div class=\"vc_column-inner\"><div class=\"wpb_text_column\"><div class=\"wpb_wrapper\"><h1 class=\"aux-modern-heading-primary\" style=\"text-align: center\">Buchen<\/h1>\n<\/div><\/div><\/div><\/div><\/div><\/div><\/section><section class=\"l-section wpb_row height_medium\"><div class=\"l-section-h i-cf\"><div class=\"g-cols vc_row via_grid cols_1 laptops-cols_inherit tablets-cols_inherit mobiles-cols_1 valign_top type_default stacking_default\"><div class=\"wpb_column vc_column_container\"><div class=\"vc_column-inner\"><div class=\"w-html\"><script src=\"https:\/\/cdn.quinbook.com\/shop.js\" data-shopid=\"41a6fd31aa2e75c3c6d427db3d17ea80\"><\/script><\/div><\/div><\/div><\/div><\/div><\/section>\n","protected":false},"excerpt":{"rendered":"Aktuelle Aktionen Auf der Seite siehst du unsere aktuellen Aktionen. Studenten-\/Azubi- Tarif Mo-Fr 10-22Uhr\/Sa-So 17-22Uhr 1 h 3 Spiele + 1 Getr\u00e4nke\u00a0 f\u00fcr nur\u00a0 10 \u20ac \/ Student*in Studiausweis nicht vergessen! Afterwork Sport mit Spa\u00df Dienstags 18-22Uhr 2h mit mindestens 6 Spiele 20 \u20ac \/ Person NEUES SPECIAL F\u00dcR SCH\u00dcLER*INNEN AFTER SCHOOL FLAT MO-DO 14-18...","protected":false},"author":1,"featured_media":0,"parent":0,"menu_order":0,"comment_status":"closed","ping_status":"closed","template":"","meta":{"footnotes":""},"yoast_head":"<!-- This site is optimized with the Yoast SEO plugin v20.13 - https:\/\/yoast.com\/wordpress\/plugins\/seo\/ -->\n<title>Aktionen - Lasertag City | Hannover - Linden<\/title>\n<meta name=\"robots\" content=\"index, follow, max-snippet:-1, max-image-preview:large, max-video-preview:-1\" \/>\n<link rel=\"canonical\" href=\"https:\/\/lasertag-city.de\/hannover\/aktionen\/\" \/>\n<meta property=\"og:locale\" content=\"de_DE\" \/>\n<meta property=\"og:type\" content=\"article\" \/>\n<meta property=\"og:title\" content=\"Aktionen - Lasertag City | Hannover - Linden\" \/>\n<meta property=\"og:url\" content=\"https:\/\/lasertag-city.de\/hannover\/aktionen\/\" \/>\n<meta property=\"og:site_name\" content=\"Lasertag City | Hannover - Linden\" \/>\n<meta property=\"article:modified_time\" content=\"2025-05-28T15:59:32+00:00\" \/>\n<meta name=\"twitter:card\" content=\"summary_large_image\" \/>\n<meta name=\"twitter:label1\" content=\"Gesch\u00e4tzte Lesezeit\" \/>\n\t<meta name=\"twitter:data1\" content=\"2\u00a0Minuten\" \/>\n<script type=\"application\/ld+json\" class=\"yoast-schema-graph\">{\"@context\":\"https:\/\/schema.org\",\"@graph\":[{\"@type\":\"WebPage\",\"@id\":\"https:\/\/lasertag-city.de\/hannover\/aktionen\/\",\"url\":\"https:\/\/lasertag-city.de\/hannover\/aktionen\/\",\"name\":\"Aktionen - Lasertag City | Hannover - Linden\",\"isPartOf\":{\"@id\":\"https:\/\/lasertag-city.de\/hannover\/#website\"},\"datePublished\":\"2023-07-29T09:57:15+00:00\",\"dateModified\":\"2025-05-28T15:59:32+00:00\",\"breadcrumb\":{\"@id\":\"https:\/\/lasertag-city.de\/hannover\/aktionen\/#breadcrumb\"},\"inLanguage\":\"de\",\"potentialAction\":[{\"@type\":\"ReadAction\",\"target\":[\"https:\/\/lasertag-city.de\/hannover\/aktionen\/\"]}]},{\"@type\":\"BreadcrumbList\",\"@id\":\"https:\/\/lasertag-city.de\/hannover\/aktionen\/#breadcrumb\",\"itemListElement\":[{\"@type\":\"ListItem\",\"position\":1,\"name\":\"Startseite\",\"item\":\"https:\/\/lasertag-city.de\/hannover\/\"},{\"@type\":\"ListItem\",\"position\":2,\"name\":\"Aktionen\"}]},{\"@type\":\"WebSite\",\"@id\":\"https:\/\/lasertag-city.de\/hannover\/#website\",\"url\":\"https:\/\/lasertag-city.de\/hannover\/\",\"name\":\"Lasertag City | Hannover - Linden\",\"description\":\"Sichere dir jetzt das beste Lasertag - Erlebnis in Hannover! Mit der neusten Anlagen bieten dir ein actiongeladenes &amp; unvergessliches Event!\",\"publisher\":{\"@id\":\"https:\/\/lasertag-city.de\/hannover\/#organization\"},\"potentialAction\":[{\"@type\":\"SearchAction\",\"target\":{\"@type\":\"EntryPoint\",\"urlTemplate\":\"https:\/\/lasertag-city.de\/hannover\/?s={search_term_string}\"},\"query-input\":\"required name=search_term_string\"}],\"inLanguage\":\"de\"},{\"@type\":\"Organization\",\"@id\":\"https:\/\/lasertag-city.de\/hannover\/#organization\",\"name\":\"Lasertag City | Hannover - Linden\",\"url\":\"https:\/\/lasertag-city.de\/hannover\/\",\"logo\":{\"@type\":\"ImageObject\",\"inLanguage\":\"de\",\"@id\":\"https:\/\/lasertag-city.de\/hannover\/#\/schema\/logo\/image\/\",\"url\":\"https:\/\/lasertag-city.de\/hannover\/wp-content\/uploads\/sites\/2\/2023\/07\/Lasertag-City-Hannover-Logo-e1690625462663.png\",\"contentUrl\":\"https:\/\/lasertag-city.de\/hannover\/wp-content\/uploads\/sites\/2\/2023\/07\/Lasertag-City-Hannover-Logo-e1690625462663.png\",\"width\":810,\"height\":360,\"caption\":\"Lasertag City | Hannover - Linden\"},\"image\":{\"@id\":\"https:\/\/lasertag-city.de\/hannover\/#\/schema\/logo\/image\/\"},\"sameAs\":[\"https:\/\/www.instagram.com\/lasertag_city_hannover\/\"]}]}<\/script>\n<!-- \/ Yoast SEO plugin. -->","yoast_head_json":{"title":"Aktionen - Lasertag City | Hannover - Linden","robots":{"index":"index","follow":"follow","max-snippet":"max-snippet:-1","max-image-preview":"max-image-preview:large","max-video-preview":"max-video-preview:-1"},"canonical":"https:\/\/lasertag-city.de\/hannover\/aktionen\/","og_locale":"de_DE","og_type":"article","og_title":"Aktionen - Lasertag City | Hannover - Linden","og_url":"https:\/\/lasertag-city.de\/hannover\/aktionen\/","og_site_name":"Lasertag City | Hannover - Linden","article_modified_time":"2025-05-28T15:59:32+00:00","twitter_card":"summary_large_image","twitter_misc":{"Gesch\u00e4tzte Lesezeit":"2\u00a0Minuten"},"schema":{"@context":"https:\/\/schema.org","@graph":[{"@type":"WebPage","@id":"https:\/\/lasertag-city.de\/hannover\/aktionen\/","url":"https:\/\/lasertag-city.de\/hannover\/aktionen\/","name":"Aktionen - Lasertag City | Hannover - Linden","isPartOf":{"@id":"https:\/\/lasertag-city.de\/hannover\/#website"},"datePublished":"2023-07-29T09:57:15+00:00","dateModified":"2025-05-28T15:59:32+00:00","breadcrumb":{"@id":"https:\/\/lasertag-city.de\/hannover\/aktionen\/#breadcrumb"},"inLanguage":"de","potentialAction":[{"@type":"ReadAction","target":["https:\/\/lasertag-city.de\/hannover\/aktionen\/"]}]},{"@type":"BreadcrumbList","@id":"https:\/\/lasertag-city.de\/hannover\/aktionen\/#breadcrumb","itemListElement":[{"@type":"ListItem","position":1,"name":"Startseite","item":"https:\/\/lasertag-city.de\/hannover\/"},{"@type":"ListItem","position":2,"name":"Aktionen"}]},{"@type":"WebSite","@id":"https:\/\/lasertag-city.de\/hannover\/#website","url":"https:\/\/lasertag-city.de\/hannover\/","name":"Lasertag City | Hannover - Linden","description":"Sichere dir jetzt das beste Lasertag - Erlebnis in Hannover! Mit der neusten Anlagen bieten dir ein actiongeladenes &amp; unvergessliches Event!","publisher":{"@id":"https:\/\/lasertag-city.de\/hannover\/#organization"},"potentialAction":[{"@type":"SearchAction","target":{"@type":"EntryPoint","urlTemplate":"https:\/\/lasertag-city.de\/hannover\/?s={search_term_string}"},"query-input":"required name=search_term_string"}],"inLanguage":"de"},{"@type":"Organization","@id":"https:\/\/lasertag-city.de\/hannover\/#organization","name":"Lasertag City | Hannover - Linden","url":"https:\/\/lasertag-city.de\/hannover\/","logo":{"@type":"ImageObject","inLanguage":"de","@id":"https:\/\/lasertag-city.de\/hannover\/#\/schema\/logo\/image\/","url":"https:\/\/lasertag-city.de\/hannover\/wp-content\/uploads\/sites\/2\/2023\/07\/Lasertag-City-Hannover-Logo-e1690625462663.png","contentUrl":"https:\/\/lasertag-city.de\/hannover\/wp-content\/uploads\/sites\/2\/2023\/07\/Lasertag-City-Hannover-Logo-e1690625462663.png","width":810,"height":360,"caption":"Lasertag City | Hannover - Linden"},"image":{"@id":"https:\/\/lasertag-city.de\/hannover\/#\/schema\/logo\/image\/"},"sameAs":["https:\/\/www.instagram.com\/lasertag_city_hannover\/"]}]}},"_links":{"self":[{"href":"https:\/\/lasertag-city.de\/hannover\/wp-json\/wp\/v2\/pages\/20"}],"collection":[{"href":"https:\/\/lasertag-city.de\/hannover\/wp-json\/wp\/v2\/pages"}],"about":[{"href":"https:\/\/lasertag-city.de\/hannover\/wp-json\/wp\/v2\/types\/page"}],"author":[{"embeddable":true,"href":"https:\/\/lasertag-city.de\/hannover\/wp-json\/wp\/v2\/users\/1"}],"replies":[{"embeddable":true,"href":"https:\/\/lasertag-city.de\/hannover\/wp-json\/wp\/v2\/comments?post=20"}],"version-history":[{"count":11,"href":"https:\/\/lasertag-city.de\/hannover\/wp-json\/wp\/v2\/pages\/20\/revisions"}],"predecessor-version":[{"id":503,"href":"https:\/\/lasertag-city.de\/hannover\/wp-json\/wp\/v2\/pages\/20\/revisions\/503"}],"wp:attachment":[{"href":"https:\/\/lasertag-city.de\/hannover\/wp-json\/wp\/v2\/media?parent=20"}],"curies":[{"name":"wp","href":"https:\/\/api.w.org\/{rel}","templated":true}]}}